{"id":850,"date":"2022-02-07T12:26:13","date_gmt":"2022-02-07T12:26:13","guid":{"rendered":"https:\/\/boardinghouse-ebenhausen.de\/?page_id=850"},"modified":"2022-02-09T17:43:42","modified_gmt":"2022-02-09T17:43:42","slug":"agbs","status":"publish","type":"page","link":"https:\/\/boardinghouse-ebenhausen.de\/index.php\/agbs\/","title":{"rendered":"AGBs"},"content":{"rendered":"<div class=\"fusion-fullwidth fullwidth-box fusion-builder-row-1 fusion-flex-container nonhundred-percent-fullwidth non-hundred-percent-height-scrolling\" style=\"--awb-border-radius-top-left:0px;--awb-border-radius-top-right:0px;--awb-border-radius-bottom-right:0px;--awb-border-radius-bottom-left:0px;--awb-padding-right:15px;--awb-padding-left:15px;--awb-background-color:#ffffff;--awb-flex-wrap:wrap;\" ><div class=\"fusion-builder-row fusion-row fusion-flex-align-items-flex-start fusion-flex-content-wrap\" style=\"max-width:1216.8px;margin-left: calc(-4% \/ 2 );margin-right: calc(-4% \/ 2 );\"><div class=\"fusion-layout-column fusion_builder_column fusion-builder-column-0 fusion_builder_column_1_1 1_1 fusion-flex-column\" style=\"--awb-bg-size:cover;--awb-width-large:100%;--awb-margin-top-large:0px;--awb-spacing-right-large:1.92%;--awb-margin-bottom-large:0px;--awb-spacing-left-large:1.92%;--awb-width-medium:100%;--awb-order-medium:0;--awb-spacing-right-medium:1.92%;--awb-spacing-left-medium:1.92%;--awb-width-small:100%;--awb-order-small:0;--awb-spacing-right-small:1.92%;--awb-spacing-left-small:1.92%;\"><div class=\"fusion-column-wrapper fusion-column-has-shadow fusion-flex-justify-content-flex-start fusion-content-layout-column\"><div class=\"fusion-text fusion-text-1\" style=\"--awb-text-transform:none;\"><h1>AGB des Boardinghouses Ebenhausen<\/h1>\n<div id=\"attachment_849\" style=\"width: 106px\" class=\"wp-caption alignright\"><a href=\"https:\/\/boardinghouse-ebenhausen.de\/wp-content\/uploads\/2022\/02\/AGB-des-Boardinghouses-Ebenhausen.pdf\" target=\"_blank\" rel=\"noopener\"><img decoding=\"async\" aria-describedby=\"caption-attachment-849\" class=\"wp-image-849 size-full\" src=\"https:\/\/boardinghouse-ebenhausen.de\/wp-content\/uploads\/2022\/02\/pdf-icon.png\" alt=\"AGB des Boardinghouses Ebenhausen\" width=\"96\" height=\"96\" srcset=\"https:\/\/boardinghouse-ebenhausen.de\/wp-content\/uploads\/2022\/02\/pdf-icon-66x66.png 66w, https:\/\/boardinghouse-ebenhausen.de\/wp-content\/uploads\/2022\/02\/pdf-icon.png 96w\" sizes=\"(max-width: 96px) 100vw, 96px\" \/><\/a><p id=\"caption-attachment-849\" class=\"wp-caption-text\"><center>PDF herunterladen<\/center><\/p><\/div>\n<h4>\u00a7 1 Geltungsbereich<\/h4>\n<p>1. Das Boardinghouse Ebenhausen wird betrieben von der Immobilien Verwaltung Ebenhausen GmbH (Im folgenden Boardinghouse Ebenhausen genannt).<br \/>\n2. Die vorliegenden Gesch\u00e4ftsbedingungen gelten f\u00fcr alle Gastaufnahmevertr\u00e4ge \u00fcber die \u00dcberlassung von Apartments zur Beherbergung sowie alle f\u00fcr den Kunden erbrachten weiteren Leistungen und Lieferungen des Boardinghouse Ebenhausen. Gesch\u00e4ftsbedingungen des Gastes gelangen nur dann zur Anwendung, wenn dies zuvor ausdr\u00fccklich schriftlich vereinbart wurde.<br \/>\n3. Sollte das zugesagte Apartment nicht verf\u00fcgbar sein, so ist das Boardinghouse Ebenhausen\u00a0berechtigt, dem Mieter\/Nutzer gleichwertigen Ersatz zur Verf\u00fcgung zu stellen, ohne dass der Gast hieraus Anspr\u00fcche herleiten kann.<br \/>\n4. Die Unter- oder Weitervermietung der \u00fcberlassenen Apartments sowie deren Nutzung zu anderen als Beherbergungszwecken bed\u00fcrfen der vorherigen schriftlichen Zustimmung des Boardinghouse Ebenhausen.<\/p>\n<h4>\u00a72 Vertragsabschluss<\/h4>\n<p>1. Der Vertrag kommt durch die Best\u00e4tigung des Boardinghouse Ebenhausen an den Gast zustande. Bei Beherbergungsvertr\u00e4gen steht es dem Boardinghouse Ebenhausen frei, diese schriftlich zu best\u00e4tigen.<br \/>\n2. Mehrere Besteller haften als Gesamtschuldner.<br \/>\n3. \u00a7 540 I S. 2 BGB findet keine Anwendung, soweit der Kunde nicht Verbraucher ist.<\/p>\n<h4>\u00a7 3 Stornierung\/Nutzungsdauer<\/h4>\n<p>1. Ein kostenfreier R\u00fccktritt des Gastes von dem mit dem Boardinghouse Ebenhausen abgeschlossenen Vertrages bedarf der schriftlichen Zustimmung des Boardinghouse Ebenhausen. Erfolgt diese nicht, ist der vereinbarte Preis aus dem Vertrag auch dann zu zahlen, wenn der Gast die vertraglichen Leistungen nicht in Anspruch nimmt und eine Weitervermietung nicht mehr m\u00f6glich ist. Soweit nicht anders vereinbart, werden im Falle der Stornierung von Reservierungen seitens des Gastes folgende Geb\u00fchren f\u00e4llig:<\/p>\n<p>ab dem 30. Tag vor der geplanten Anreise 80% der bestellten\/reservierten Leistungen<br \/>\nab dem 3. Tag vor der geplanten Anreise 100% der bestellten\/reservierten Leistungen<\/p>\n<p>2. Soll das Mietverh\u00e4ltnis verl\u00e4ngert werden, muss dies schriftlich angefragt werden und wird bei Verf\u00fcgbarkeit vom Boardinghouse Ebenhausen best\u00e4tigt.<br \/>\n3. Ein Wechsel des\/der G\u00e4ste w\u00e4hrend der Laufzeit ist nur mit Zustimmung des Boardinghouse Ebenhausen gestattet.<\/p>\n<h4>\u00a7 4 R\u00fccktritt des Boardinghouse Ebenhausen<\/h4>\n<p>1. Wird eine vereinbarte Vorauszahlung vom Gast nicht fristgerecht geleistet, so ist das Boardinghouse Ebenhausen zum R\u00fccktritt vom Vertrag berechtigt.<br \/>\n2. Ferner ist das Boardinghouse Ebenhausen berechtigt, aus sachlich gerechtfertigtem Grund vom Vertrag au\u00dferordentlich zur\u00fcckzutreten, beispielsweise falls<br \/>\n-Apartments unter irref\u00fchrender oder falscher Angabe wesentlicher Tatsachen, z.B. in der Person des Kunden oder des Zwecks, gebucht werden;<br \/>\n-h\u00f6here Gewalt oder andere vom Boardinghouse Ebenhausen nicht zu vertretende Umst\u00e4nde die Erf\u00fcllung des Vertrages unm\u00f6glich machen;<br \/>\n-das Boardinghouse Ebenhausen begr\u00fcndeten Anlass zu der Annahme hat, dass die Inanspruchnahme der Leistungen den reibungslosen Gesch\u00e4ftsbetrieb, die Sicherheit oder das Ansehen des Hauses in der \u00d6ffentlichkeit gef\u00e4hrden kann, ohne dass dies dem Herrschafts- bzw. Organisationsbereich des Boardinghouse Ebenhausen zuzurechnen ist;<br \/>\n-ein Versto\u00df gegen \u00a7 1 Punkt 3 oder \u00a73 Punk 3 dieser Allgemeinen Gesch\u00e4ftsbedingungen vorliegt.<\/p>\n<p>Bei berechtigtem R\u00fccktritt des Boardinghouse Ebenhausen entsteht kein Anspruch des Kunden auf Schadenersatz. Bei Schadensersatzanspr\u00fcchen des Boardinghouse Ebenhausen gelten die gesetzlichen Bestimmungen.<\/p>\n<h4>\u00a7 5 Leistungen\/Preise\/Zahlungen<\/h4>\n<p>1. Das Boardinghouse Ebenhausen ist verpflichtet, die vom Kunden gebuchten Apartments bereitzuhalten und die vereinbarten Leistungen zu erbringen. Der Gast erwirbt keinen Anspruch auf die Bereitstellung bestimmter Apartments.<br \/>\n2. Gebuchte Apartments stehen dem Gast ab 15.00 Uhr des vereinbarten Anreisetages zur Verf\u00fcgung. Der Gast hat keinen Anspruch auf fr\u00fchere Bereitstellung.<br \/>\n3. Am vereinbarten Abreisetag sind die Apartments dem Boardinghouse Ebenhausen sp\u00e4testens um 11.00 Uhr ger\u00e4umt zur Verf\u00fcgung zu stellen. Danach kann das Boardinghouse Ebenhausen \u00fcber den ihm dadurch entstandenen Schaden hinaus f\u00fcr die zus\u00e4tzliche Nutzung des Apartments bis 18.00 Uhr 50% des vollen Listenpreises in Rechnung stellen, ab 18.00 Uhr 100%. Dem Gast steht es frei, dem Boardinghouse Ebenhausen nachzuweisen, dass diesem kein oder ein wesentlich niedriger Schaden entstanden ist.<br \/>\n4. Zur Verl\u00e4ngerung des Aufenthaltszeitraumes ist eine neue Reservierung vorzunehmen. Eine stillschweigende Verl\u00e4ngerung ist ausgeschlossen. Ein nicht rechtzeitiger Auszug des Gastes stellt verbotene Eigenmacht dar. Das Boardinghouse Ebenhausen ist berechtigt, insoweit vom Selbsthilferecht Gebrauch zu machen, den Besitz am Apartment zu \u00fcbernehmen und die eingebrachten Gegenst\u00e4nde des Gastes unter Aus\u00fcbung des Pfandrechtes vorl\u00e4ufig auf dessen Kosten und Gefahr in einzulagern.<br \/>\n5. Der Gast ist verpflichtet, die f\u00fcr die \u00dcberlassung der Apartments und die von ihm in Anspruch genommenen weiteren Leistungen geltenden bzw. vereinbarten Preise des Boardinghouse Ebenhausen zu zahlen. Dies gilt auch f\u00fcr vom Gast veranlasste Leistungen und Auslagen des Boardinghouse Ebenhausen an Dritte. Die vereinbarten Preise schlie\u00dfen die jeweilige gesetzliche Umsatzsteuer ein.<br \/>\n6. Alle Forderungen des Boardinghouse Ebenhausen sind sofort nach Rechnungserhalt ohne Abzug f\u00e4llig. Sofern keine Vorauszahlung vereinbart wurde, werden die Forderungen bei Anreise bzw. zum Anfang der Leistungserbringung ohne Abzug f\u00e4llig. Weitere Leistungen, die w\u00e4hrend des Aufenthalts in Anspruch genommen werden, sind bei Abreise ohne Abzug f\u00e4llig.<br \/>\n7. Sollte der Mieter\/Nutzer zus\u00e4tzliche Leistungen in Anspruch nehmen und die Kosten den Betrag von 200 \u20ac erreichen, so ist das Boardinghouse Ebenhausen berechtigt eine Zwischenrechnung zu erstellen.<br \/>\n8. Das Boardinghouse Ebenhausen ist berechtigt, bei Vertragsschluss eine angemessene Vorauszahlung oder Sicherheitsleistung in Form einer Kreditkartengarantie, einer Anzahlung oder \u00c4hnlichem zu verlangen. Die H\u00f6he der Vorauszahlung und die Zahlungstermine k\u00f6nnen im Vertrag in Textform vereinbart werden.<\/p>\n<h4>\u00a7 6 Umsatzsteuerliche Behandlung\/Mietdauer<\/h4>\n<p>1. Die Vertragsparteien sind sich einig, dass die Voraussetzungen gem\u00e4\u00df \u00a7 12 Abs. 2 Nr. 11 sowie \u00a7 4 Nr. 12 Satz 2 Umsatzsteuergesetz erf\u00fcllt werden und ausschlie\u00dflich Beherbergungsvertr\u00e4ge im Sinne dieses Gesetzes abgeschlossen werden.<br \/>\n2. Das Boardinghouse Ebenhausen weist darauf hin, dass die zur Verf\u00fcgung gestellten R\u00e4ume in keinem Fall auf Dauer und somit niemals f\u00fcr einen gew\u00f6hnlichen Aufenthalt im Sinne der \u00a7 8 und \u00a79 AO zur Verf\u00fcgung gestellt werden.<br \/>\n3. Der Gast erkennt dieses an und versichert, eine solche Nutzung weder zu beabsichtigen noch zu verlangen oder durchzuf\u00fchren. Sofern der Gast zur Nutzung f\u00fcr andere als sich selbst diesen Vertrag abschlie\u00dft stellt der Vertragspartner sicher, dass der\/die G\u00e4ste der Mietsache \u00fcber diese Anforderung in Kenntnis gesetzt werden, diese respektieren und entsprechende Ma\u00dfnahmen ergreifen.<br \/>\n4. Das Boardinghouse Ebenhausen hat das Recht, geeignete Nachweise zu Wohnsitz und gew\u00f6hnlichem Aufenthaltsort des Gastes zu verlangen und bei den Reservierungsunterlagen zu archivieren.<\/p>\n<h4>\u00a7 7 Haftung<\/h4>\n<p>1. Der Gast, haftet f\u00fcr die Zahlung des vertraglich vereinbarten Betrages und die vom Gast, seinen Besuchern, oder sonstigen Dritten im Apartment verursachten Sch\u00e4den. Sch\u00e4den oder M\u00e4ngel in dem \u00fcberlassenen Apartment sind dem Boardinghouse Ebenhausen unverz\u00fcglich mitzuteilen. Sollten St\u00f6rungen oder M\u00e4ngel an den Leistungen des Boardinghouse Ebenhausen auftreten, wird das Boardinghouse Ebenhausen bei Kenntnis oder auf unverz\u00fcgliche R\u00fcge des Gastes bem\u00fcht sein, f\u00fcr Abhilfe zu sorgen. Der Gast ist verpflichtet, das ihm Zumutbare beizutragen, um die St\u00f6rung zu beheben und einen m\u00f6glichen Schaden gering zu halten.<br \/>\nDie Haftung des Boardinghouse Ebenhausen richtet sich nach den gesetzlichen Vorschriften der \u00a7 701 bis \u00a7703 des B\u00fcrgerlichen Gesetzbuches (BGB). Eine Haftung aus sonstigen Gr\u00fcnden ist ausgeschlossen.<br \/>\n2. Zwischen dem Gast und dem Boardinghouse Ebenhausen kommt kein Verwahrungsvertrag zustande, wenn diesem ein Kfz Stellplatz zur Verf\u00fcgung gestellt wird. Das Boardinghouse Ebenhausen haftet nicht bei Abhandenkommen oder Besch\u00e4digung auf dem Apartmenthausgrundst\u00fcck abgestellter oder rangierter Kraftfahrzeuge und deren Inhalt. Eine \u00dcberwachungspflicht durch das Boardinghouse Ebenhausen besteht nicht.<\/p>\n<p><strong>\u00a7 8 Technische Einrichtung<\/strong><\/p>\n<p>Das Boardinghouse Ebenhausen stellt ein mit technischen Ger\u00e4ten und M\u00f6beln ausgestattetes Apartment zur Verf\u00fcgung. Die Verwendung von eigenen elektrischen Ger\u00e4ten durch den Gast unter Nutzung des Stromnetzes des Boardinghouse Ebenhausen bedarf einer schriftlichen Genehmigung (au\u00dfer Mobiltelefon, PC, o.\u00e4.).<br \/>\nDas Boardinghouse Ebenhausen ist berechtigt die zu erwartenden Mehrkosten dem Gast zu berechnen und ggf. von der Kaution einzubehalten.<\/p>\n<p>Das Boardinghouse Ebenhausen bietet dem Gast w\u00e4hrend seines Aufenthalts, die M\u00f6glichkeit einer kostenfreien Nutzung des Internets (WLAN-Hotspot). Nimmt der Gast diesen Service in Anspruch verpflichtet sich dieser zur Einhaltung aller anwendbaren lokalen, nationalen und ggf. internationalen Gesetze und Richtlinien. F\u00fcr alle Handlungen und Unterlassungen im Rahmen der Nutzung ist der Gast als Nutzer selbst verantwortlich. Dar\u00fcber hinaus \u00fcbernimmt der Gast die volle Verantwortung aus einer rechtswidrigen Nutzung der Internetverbindung und stellt dem Boardinghouse Ebenhausen von etwaigen Anspr\u00fcchen Dritter frei. Die Verbindungs- und Nutzerdaten werden gem. den gesetzlichen Bestimmungen vom Boardinghouse Ebenhausen zum Nachweis aufgezeichnet. Das Boardinghouse Ebenhausen haftet nicht f\u00fcr die Verf\u00fcgbarkeit und St\u00f6rungsfreiheit des Internetzugangs. Mietminderung wird bei Nichtverf\u00fcgbarkeit ausgeschlossen.<\/p>\n<p>\u00a7 <strong>9 Sonstige Bestimmungen<\/strong><\/p>\n<p>1. Als Erf\u00fcllungs- und Zahlungsort ist f\u00fcr beide Seiten gilt Ingolstadt als Vereinbart.<br \/>\n2. Es gilt deutsches Recht.<br \/>\n3. Gerichtsstand im kaufm\u00e4nnischen Verkehr f\u00fcr s\u00e4mtliche sich zwischen den Parteien aus dem Vertragsverh\u00e4ltnis ergebenden Streitigkeiten ist Ingolstadt.<br \/>\n4. Nebenabsprachen, \u00c4nderungen und Erg\u00e4nzungen des Vertrages sind nur wirksam, wenn sie schriftlich vereinbart wurden. Das gleiche gilt f\u00fcr Zusagen, Zustimmungen, Verzichte und Vergleiche aller Art.<br \/>\n5. Sollten einzelne Bestimmungen des Vertrages, einschlie\u00dflich der Gesch\u00e4ftsbedingungen, unwirksam sein, ber\u00fchrt dieses die Wirksamkeit der \u00fcbrigen Bestimmungen nicht. Die Parteien werden die unwirksamen Bestimmungen unverz\u00fcglich durch solche wirksamen ersetzen, die dem angestrebten Zweck und ihrer wirtschaftlichen Bedeutung m\u00f6glichst nahe kommen.<br \/>\n6.Es gelten die Gesetze und Verordnungen f\u00fcr gewerbliche Beherbergungsbetriebe und nicht der Mietgesetze.<\/p>\n<\/div><\/div><\/div><\/div><\/div>\n","protected":false},"excerpt":{"rendered":"","protected":false},"author":1,"featured_media":0,"parent":0,"menu_order":0,"comment_status":"closed","ping_status":"closed","template":"","meta":{"footnotes":""},"class_list":["post-850","page","type-page","status-publish","hentry"],"_links":{"self":[{"href":"https:\/\/boardinghouse-ebenhausen.de\/index.php\/wp-json\/wp\/v2\/pages\/850","targetHints":{"allow":["GET"]}}],"collection":[{"href":"https:\/\/boardinghouse-ebenhausen.de\/index.php\/wp-json\/wp\/v2\/pages"}],"about":[{"href":"https:\/\/boardinghouse-ebenhausen.de\/index.php\/wp-json\/wp\/v2\/types\/page"}],"author":[{"embeddable":true,"href":"https:\/\/boardinghouse-ebenhausen.de\/index.php\/wp-json\/wp\/v2\/users\/1"}],"replies":[{"embeddable":true,"href":"https:\/\/boardinghouse-ebenhausen.de\/index.php\/wp-json\/wp\/v2\/comments?post=850"}],"version-history":[{"count":7,"href":"https:\/\/boardinghouse-ebenhausen.de\/index.php\/wp-json\/wp\/v2\/pages\/850\/revisions"}],"predecessor-version":[{"id":942,"href":"https:\/\/boardinghouse-ebenhausen.de\/index.php\/wp-json\/wp\/v2\/pages\/850\/revisions\/942"}],"wp:attachment":[{"href":"https:\/\/boardinghouse-ebenhausen.de\/index.php\/wp-json\/wp\/v2\/media?parent=850"}],"curies":[{"name":"wp","href":"https:\/\/api.w.org\/{rel}","templated":true}]}}